 divided by b(g)?
10
Suppose 0*v - v = -346. Suppose 3*k = -139 + v. Let w = k + -43. What is the remainder when w is divided by 9?
8
What is the remainder when (1050/(-49))/((-1)/7) is divided by 36?
6
Suppose -j + n + 6 = 0, n = -5*j - 3*n + 21. Suppose 1 = -4*c + j. Suppose 0 = -d + 4*f + c, -d + 2*f + 3 = -f. Calculate the remainder when 24 is divided by d.
6
Let i = 5 + -4. Suppose 5*w + 50 = k, 2*k - 2*w - 40 = 28. What is the remainder when k is divided by 12/((3/4)/i)?
14
Let g be (-16)/4 + (2 - 1). Let r = -4 + 10. Let x = r - g. Calculate the remainder when 25 is divided by x.
7
Suppose 2*u = 2*l - 74, l + 3*u = 3*l - 71. Suppose -3*q + l + 32 = 0. What is the remainder when 93 is divided by q?
21
Let g(c) = -c + 28. Let t be g(16). What is the remainder when 108 is divided by 4/t*(30 + 3)?
9
Let q(o) = o**3 - 14*o**2 + 12*o + 17. Let x be q(13). Let a = 24 + x. What is the remainder when 82 is divided by a?
26
Let c(g) = 2*g**3 - 4*g - 2. Let l(n) = -n**3 - n**2 + n. Let k(f) = -c(f) - 3*l(f). Let a be k(-4). Calculate the remainder when 7 is divided by 20/6*(-27)/a.
2
Calculate the remainder when 24 + (61/21 - (-62)/651) is divided by 5.
2
Suppose -3*q - 7 + 184 = 0. What is the remainder when q is divided by 12?
11
Let i(k) = k**3 + 10*k**2 + 18*k. Let p = -12 + 22. What is the remainder when i(-7) is divided by p?
1
What is the remainder when 1256/12 + -2 + 2/6 is divided by 47?
9
What is the remainder when 19/2 + (-2)/4 is divided by 5/(-3)*(19 + (-321)/15)?
1
Let c be (-66)/(-5)*20/32*4. Suppose 15 = -3*d + c. What is the remainder when 57 is divided by d?
3
Let p(s) = s**2 + 2. Let x be 7/6*5 - 1/(-6). Suppose -5*v - 2*f = -x*f - 33, -3*v - f = -13. What is the remainder when p(-4) is divided by v?
3
Suppose -t + 8 = 3*n, -2*n + 5*n + 2 = 4*t. Suppose 5*i - 4*i = -z + 118, t*i - 359 = -3*z. Calculate the remainder when z is divided by 42.
39
Let t(c) = c**3 - 17*c**2 + 37. Let l be t(17). Let s be (33/2)/(-3)*-4. Let i = l - s. What is the remainder when i is divided by 8?
7
Suppose 6*o + 1596 = 139*o. What is the remainder when 234 is divided by o?
6
Suppose -4*r + 2*x = 0, 5*r = 5*x - 0*x. Suppose 0*t - t = 3*u - 5, r = -4*u + t + 16. What is the remainder when 8 is divided by u?
2
What is the remainder when (-5 - 408/30)/((-1)/5) is divided by 29?
6
Suppose 3*f + 4*i - 39 = 0, -2*f = 3*f + 3*i - 54. Suppose -5*s = -2*w - 388, 2*s - 7*w - 158 = -9*w. Calculate the remainder when s is divided by f.
6
Let u(f) = 2*f + 3. Let o be u(4). Suppose 0 = -4*p - 3*x - o, 4*x = -2*p - 5 - 3. What is the remainder when 125 is divided by 3 - (-1 - p - 30)?
29
Let z(j) = 57*j - 4. Let d be 60/(-105)*7/(-2). What is the remainder when z(d) is divided by 16?
14
Let c = 439 - 297. What is the remainder when c is divided by 15?
7
Let l(b) = -b + 1. Let x be l(-1). Suppose -3*r - x*r = -75. What is the remainder when r is divided by 6?
3
Let g(k) = -k**2 - 26*k + 200. Calculate the remainder when g(-30) is divided by (-20)/2*(-14)/5.
24
Let m(q) = 10 + 12 - 7 + 3*q - 4*q. Let v be m(11). Suppose 4*l - 60 = 4*o, 4*o - 12 = 2*l - v*l. What is the remainder when 20 is divided by l?
8
Let i = -23 + 32. Let v(o) = -116*o - 2643. What is the remainder when v(-23) is divided by i?
7
Let v(t) = -49*t - 32. Let l(y) = -16*y - 11. Let k(j) = 11*l(j) - 4*v(j). What is the remainder when k(2) is divided by 8?
7
Let a = 2537 + -2452. What is the remainder when a is divided by 28?
1
Let c(x) = -31*x**3. Let v = -10 + 9. Let z = -57 - -68. What is the remainder when c(v) is divided by z?
9
Suppose 0*c = 2*z - 2*c - 42, 5*z - 112 = -2*c. What is the remainder when 593 is divided by z?
21
Let q be 1 - (2 + -24)/(-1). What is the remainder when (-140)/q + (-1)/(-3) is divided by 3?
1
Let s(u) be the second derivative of u**4/12 - u**3/2 - 5*u**2 - 3*u. Let w be s(9). Let q = w - 28. Calculate the remainder when 29 is divided by q.
13
Let j be 8/(2*(-2)/(-10)). Let v be (-92)/(-115)*(-30)/4. Let z = v + j. Calculate the remainder when z is divided by 4.
2
Suppose 2*k = -1 - 5. Suppose -6*o + y = -8*o + 84, -5*o - 5*y + 215 = 0. What is the remainder when o is divided by 11/k*(-1 + -2)?
8
Let j = -158 - 290. What is the remainder when 13 is divided by j/(-28) + (-6 - -1)?
2
Suppose 5*n - 461 + 86 = 0. What is the remainder when n is divided by 6 - (4 - (8 - 3))?
5
Let f(w) = w + 5. Let j(y) = 3*y**2 + 3*y - 8. Let t be j(4). Let h = -48 + t. Calculate the remainder when f(5) is divided by h.
2
What is the remainder when (2/(-7) - 4120/(-112))*2 is divided by 13?
8
Let j be ((-7)/(-4))/(10/40). Suppose -j*f + 9*f - 28 = 0. What is the remainder when 25 is divided by f?
11
Let c = -46 + 99. Let b(o) = 7*o + 4. What is the remainder when c is divided by b(1)?
9
Let i be ((-56)/10)/(8/(-20)). Suppose i = 2*o + 3*h, -5*h = -o + 2*o. Calculate the remainder when o is divided by 3.
1
Suppose -5 + 15 = 2*v, -3*q + 3*v = 0. Suppose 74 = 2*y + q*h, y - 38 = -0*y - 2*h. Calculate the remainder when y is divided by 11.
9
What is the remainder when 2 + (-815)/(-10) - 3/(-6) is divided by 48?
36
Suppose -106*c + 1575 = -31*c. What is the remainder when 139 is divided by c?
13
Let x be 6 - -1 - 0/1. Suppose 4*w - x - 1 = 0. Let z = 10 - 5. Calculate the remainder when z is divided by w.
1
Suppose -4*d - 25 = -5*l, d - 2*d = 0. Suppose l*b - 77 = -3*k, -b + 6*k = 10*k - 12. Calculate the remainder when b is divided by 11.
5
Let o(u) = -u**3 + 9*u**2 + u + 6. Suppose 5*b = 2*b. Suppose 36 = 4*k - 4*n, -5*n + 36 = 4*k - b*k. Calculate the remainder when o(k) is divided by 8.
7
Suppose -2*u - 2*u + g + 39 = 0, -5*g = -u + 24. Calculate the remainder when 9/30*(-2)/(-3)*70 is divided by u.
5
Suppose 5*m = 2*n + 38, 5*m - 22*n = -25*n + 43. Let r = 54 + -17. What is the remainder when r is divided by m?
5
Let i(u) = 3*u**2 + 16*u + 8. Let y be i(-13). Suppose -y = -5*k - 3*l, k - 3*l - 61 = -4*l. Calculate the remainder when k is divided by 8.
6
Let d(x) = -59*x + 1. Let l be d(-1). Suppose 0 = -4*p - 0*p + l. Let k = 324 - 280. Calculate the remainder when k is divided by p.
14
Calculate the remainder when -3 - (-3 + (-327)/3) is divided by 28.
25
Let v be (2 + -2)/(1 + -2). What is the remainder when 27 is divided by 16 - (-1 + v)*-1?
12
Let a = 996 + -711. Suppose 14*s + 2*s - 768 = 0. What is the remainder when a is divided by s?
45
Let m(k) = 4*k**2 + k**3 - 2 + 5*k + 2 - 2*k**3 + 2. Let j(v) = v**3 + 4*v**2 - 6*v - 1. Let l be j(-5). Calculate the remainder when 87 is divided by m(l).
21
Let x be (-4)/(2/9*-3). Let q be 1/3*54/x. Suppose -7*d = -q*d - 80. Calculate the remainder when 37 is divided by d.
17
Suppose l = 4*m - 3*l - 16, -5*m + 20 = -l. Suppose u - 228 = -2*o, -4 - 4 = -m*u. Let h(z) = -z**3 + 29. Calculate the remainder when o is divided by h(0).
26
Let b(v) = 2*v + 5. Let u be b(-4). What is the remainder when 62 is divided by 16 - (u + -1 + 4)?
14
What is the remainder when 469/(-4)*(13 - 25)/3 is divided by 10?
9
Suppose 109*m - 110*m = -30. Calculate the remainder when 58 is divided by m.
28
Let n(h) = -h**3 + 3*h + 5. Let j be n(-4). Suppose 3*q - j + 15 = 0. Let b = q + -1. What is the remainder when b is divided by 8?
5
Suppose 8*r = 7*r + 211. Let d = -150 + r. Calculate the remainder when d is divided by 21.
19
Suppose 52*g + 108 = 64*g. Suppose w = -5*j + 6*w + 105, w = 4*j - 96. Calculate the remainder when j is divided by g.
7
Let n(m) = 5*m**2 - 2. Let b be n(-1). Suppose -b*p + 62 = 23. Calculate the remainder when 38 is divided by p.
12
Let h(q) = 2*q**2 - 16*q - 3. Calculate the remainder when h(9) is divided by 3.
0
Suppose -4*t + 206 = 2*b, -118*b = 3*t - 114*b - 152. Calculate the remainder when 63 is divided by t.
11
Let l = 423 - 386. What is the remainder when 108 is divided by l?
34
Suppose 3*m + m = -2*x + 190, -m = x - 46. Suppose 2*z + 4*f - 80 = 0, 5*f + 129 = 2*z + m. Calculate the remainder when 1 + (156 - -2) - 2 is divided by z.
37
Suppose 44 = 6*s - 58. Let y = 41 - s. Calculate the remainder when 116 is divided by y.
20
Suppose 3*q - 2560 = -2*q - 4*h, 2*h = 4*q - 2048. Calculate the remainder when q is divided by 86.
82
Let r(p) = 3*p**2 - 4*p + 1. Suppose 3 + 2 = h. Suppose 0*b + h*x - 85 = -5*b, 5*b - 4*x = 121. What is the